mmon divisor of 969869775 and 84.
21
What is the highest common factor of 7633906 and 94498?
2554
What is the greatest common factor of 10255 and 64405795?
1465
Calculate the greatest common divisor of 64422859 and 23342.
1061
What is the greatest common divisor of 8614150 and 3650?
50
What is the highest common divisor of 285234 and 351?
3
What is the greatest common divisor of 28 and 36062908?
28
Calculate the highest common factor of 10950464 and 2240.
448
Calculate the greatest common factor of 3801948 and 24.
12
Calculate the greatest common factor of 302007 and 2535.
3
Calculate the highest common factor of 18082771 and 28.
7
What is the greatest common divisor of 13448803 and 159?
53
What is the highest common divisor of 273879543 and 42?
21
Calculate the greatest common divisor of 33358 and 144742.
26
Calculate the highest common divisor of 258416310 and 930.
930
Calculate the highest common factor of 203476 and 573104.
1204
What is the greatest common divisor of 369 and 152157314?
41
What is the greatest common divisor of 70989695 and 420?
35
What is the highest common divisor of 3538 and 65396392?
3538
Calculate the greatest common divisor of 201 and 22486406.
67
What is the greatest common divisor of 12088906 and 2?
2
Calculate the greatest common factor of 2949366 and 18.
6
What is the greatest common divisor of 133714 and 5026?
14
What is the greatest common factor of 74 and 519374217?
37
What is the highest common factor of 5800 and 2195416?
232
What is the greatest common divisor of 3902 and 1380978281?
1951
What is the highest common factor of 325794 and 6825?
21
What is the highest common factor of 966275 and 5900?
25
What is the highest common divisor of 733970 and 109820?
190
What is the highest common factor of 782 and 1649261?
23
Calculate the greatest common factor of 41253652 and 2222.
2222
Calculate the highest common factor of 165 and 9724836.
33
Calculate the highest common factor of 92884464 and 2448.
2448
What is the highest common factor of 8534786 and 104?
26
Calculate the greatest common divisor of 752 and 142701964.
188
What is the highest common factor of 4565 and 132935?
55
Calculate the highest common divisor of 1449308 and 308.
28
What is the greatest common divisor of 2411499 and 40983?
57
Calculate the highest common factor of 350 and 14049525.
175
Calculate the highest common factor of 282557 and 2023229.
1511
Calculate the greatest common divisor of 736 and 769984.
32
Calculate the highest common factor of 2100 and 72480450.
1050
Calculate the highest common divisor of 210500 and 194500.
500
Calculate the greatest common divisor of 76656252 and 20.
4
What is the highest common divisor of 1354947 and 11913?
627
What is the greatest common divisor of 14105 and 22153964?
217
Calculate the greatest common factor of 82 and 27503989.
41
What is the greatest common factor of 328 and 189311268?
164
Calculate the greatest common factor of 2475 and 1002150.
225
Calculate the highest common divisor of 3032 and 123032.
8
Calculate the greatest common divisor of 65 and 10963823.
13
What is the highest common factor of 510 and 51278970?
510
Calculate the highest common divisor of 6775520 and 336.
16
What is the highest common factor of 30 and 115719810?
30
What is the greatest common factor of 1574948 and 253368?
1564
Calculate the highest common divisor of 40337 and 41237152.
2123
What is the greatest common divisor of 999602630 and 5?
5
Calculate the highest common factor of 1481873 and 799527.
1037
Calculate the greatest common divisor of 312 and 5008796.
52
What is the highest common divisor of 37270 and 340?
10
Calculate the highest common factor of 91 and 3819283.
13
What is the greatest common divisor of 262010555 and 671?
61
What is the highest common divisor of 1905 and 333379191?
381
What is the greatest common divisor of 6039 and 16137?
99
Calculate the greatest common divisor of 109218937 and 239.
239
What is the highest common factor of 30948813 and 693?
63
What is the highest common divisor of 2777008 and 1521?
169
Calculate the greatest common divisor of 517962 and 40918.
998
Calculate the greatest common factor of 6 and 13631691.
3
What is the greatest common divisor of 31515 and 55935?
165
Calculate the greatest common factor of 3698906 and 2674.
382
What is the highest common divisor of 288 and 2808518400?
288
What is the highest common factor of 1486 and 56281507?
743
Calculate the highest common factor of 6739 and 21919.
23
Calculate the greatest common divisor of 31056 and 13414251.
1941
Calculate the greatest common factor of 18375424 and 1611.
179
What is the greatest common divisor of 1289513691 and 134?
67
What is the highest common factor of 127415 and 49980?
85
Calculate the highest common divisor of 128247 and 45591.
21
What is the greatest common divisor of 114523960 and 470?
470
Calculate the highest common divisor of 1214 and 13613189.
607
What is the highest common divisor of 6737586 and 12?
6
What is the greatest common divisor of 1648 and 129218753?
103
Calculate the highest common divisor of 177651745 and 45.
5
Calculate the highest common factor of 20 and 157970.
10
Calculate the greatest common divisor of 195562297 and 973.
973
Calculate the greatest common divisor of 21495 and 23145.
15
Calculate the highest common divisor of 8829344 and 2752.
32
Calculate the greatest common divisor of 57 and 103933743.
57
Calculate the highest common divisor of 988 and 47532072.
76
What is the highest common factor of 151619 and 3324282?
1417
Calculate the greatest common factor of 152 and 3418271.
19
What is the greatest common divisor of 1173678 and 24?
6
Calculate the greatest common factor of 11450160 and 4050.
810
Calculate the greatest common divisor of 1372699 and 204.
17
Calculate the greatest common factor of 10165998 and 79206.
1842
Calculate the greatest common divisor of 362 and 239258651.
181
What is the greatest common divisor of 3724 and 32190256?
3724
Calculate the greatest common factor of 258 and 82374.
6
Calculate the highest common divisor of 126430 and 199750.
470
Calculate the greatest common factor of 107559 and 1572687.
2907
What is the greatest common factor of 1205763 and 94189?
719
Calculate the highest common divisor of 489932 and 53.
53
What is the greatest common divisor of 4 and 23593?
1
Calculate the greatest common divisor of 395711 and 9954.
79
Calculate the highest common factor of 3666674 and 88.
22
Calculate the greatest common divisor of 4211 and 226.
1
Calculate the greatest common divisor of 13268603 and 53.
53
Calculate the greatest common factor of 1117 and 1335220471.
1117
What is the highest common divisor of 13026108 and 444?
12
Calculate the highest common divisor of 12899161 and 22.
11
What is the greatest common factor of 3146 and 3110536?
286
Calculate the greatest common factor of 1574483 and 2831.
149
Calculate the greatest common factor of 1892390 and 10.
10
What is the highest common divisor of 32991752 and 92?
92
Calculate the highest common divisor of 16377 and 190035.
309
Calculate the greatest common divisor of 973219111 and 51.
17
What is the greatest common factor of 235365 and 4675?
85
What is the greatest common divisor of 63124 and 265708?
1468
Calculate the highest common factor of 23384 and 342472.
296
Calculate the highest common factor of 42425593 and 161.
161
What is the highest common factor of 26353350 and 25272?
486
What is the greatest common factor of 120055666 and 68?
34
What is the greatest common divisor of 78441 and 650001?
33
Calculate the greatest common factor of 1396479 and 126.
21
Calculate the greatest common factor of 3553 and 1929.
1
Calculate the greatest common factor of 16697323 and 333.
37
Calculate the highest common factor of 36973378 and 52.
26
Calculate the greatest common divisor of 119806 and 686794.
74
Calculate the highest common divisor of 2176328 and 4312.
616
Calculate the highest common factor of 2768 and 2215265.
173
Calculate the greatest common factor of 215782 and 29764.
14
What is the highest common factor of 1246 and 771890?
14
What is the greatest common divisor of 225 and 11355600?
75
What is the highest common divisor of 14517 and 22535223?
4839
What is the greatest common divisor of